{"id":279,"date":"2016-09-13T10:27:05","date_gmt":"2016-09-13T08:27:05","guid":{"rendered":"http:\/\/mindful-eating.es\/?page_id=279"},"modified":"2017-09-12T11:48:25","modified_gmt":"2017-09-12T09:48:25","slug":"algunas-estrategias-para-incorporar-el-autocuidado-a-la-vida-cotidiana","status":"publish","type":"page","link":"https:\/\/mindful-eating.es\/?page_id=279","title":{"rendered":"Algunas estrategias para incorporar el autocuidado a la vida cotidiana"},"content":{"rendered":"<p><img loading=\"lazy\" decoding=\"async\" class=\"alignright size-full wp-image-280\" src=\"http:\/\/mindful-eating.es\/wp-content\/uploads\/2016\/09\/flores.jpg\" alt=\"flores\" width=\"4498\" height=\"3234\" srcset=\"https:\/\/mindful-eating.es\/wp-content\/uploads\/2016\/09\/flores.jpg 4498w, https:\/\/mindful-eating.es\/wp-content\/uploads\/2016\/09\/flores-300x216.jpg 300w, https:\/\/mindful-eating.es\/wp-content\/uploads\/2016\/09\/flores-768x552.jpg 768w, https:\/\/mindful-eating.es\/wp-content\/uploads\/2016\/09\/flores-1024x736.jpg 1024w\" sizes=\"auto, (max-width: 4498px) 100vw, 4498px\" \/><\/p>\n<p>&nbsp;<\/p>\n<p>&nbsp;<\/p>\n<p>En los a\u00f1os 50, una enfermera, \u2014Dorotea Orem(1)\u2014, comenz\u00f3 hablar sobre la importancia del autocuidado para el mantenimiento de la vida humana.<\/p>\n<p>En estos a\u00f1os muchas enfermeras han investigado sobre el tema y uno de los aspectos m\u00e1s relevantes que han descubierto es la relaci\u00f3n existente entre la salud mental positiva y las acciones de autocuidado. En varias investigaciones se ha descubierto la relaci\u00f3n directa bidireccional que tiene la salud mental positiva y el autocuidado, incluso si las acciones de autocuidado son de car\u00e1cter f\u00edsico(2,3).<\/p>\n<p>Seg\u00fan Orem, el autocuidado es la pra\u0301ctica de actividades que los individuos inician y realizan para el mantenimiento de su propia vida, salud y bienestar. El autocuidado es una conducta humana, un comportamiento aprendido que tiene las caracteri\u0301sticas de accio\u0301n intencionada, esta\u0301 intercalado en las actividades de la vida diaria y no es en si\u0301 una actividad de la vida diaria sino que su caracter\u00edstica fundamental est\u00e1 basada en la intencionalidad. (4)<\/p>\n<p>Seg\u00fan Orem, la estructura del proceso de autocuidado contiene tres secuencias (5,6): a) investigacio\u0301n, formulacio\u0301n y expresio\u0301n de los requerimientos regulatorios de la persona, es decir, los requisitos de autocuidado; b) realizacio\u0301n de juicios sobre el curso de accio\u0301n que debe ser tomado para regular los requisitos de autocuidado y seguidamente tomar decisiones; y c) llevar a cabo las acciones de autocuidado para producir la regulacio\u0301n de los requisitos.<\/p>\n<p>Si este proceso lo relacionamos con mindfulness y las ense\u00f1anzas budistas tradicionales la investigaci\u00f3n sobre los requisitos de autocuidado tienen un componente importante de atenci\u00f3n consciente (<strong>sati<\/strong>), sin sati no es posible darse cuenta de los requisitos de autocuidado y por tanto emprender cualquier tipo de acci\u00f3n.<\/p>\n<p>La toma de decisiones sobre los cursos de acci\u00f3n que se tienen que tomar estar\u00edan relacionada con <strong>apramada<\/strong>. Apramada se define como tener mucho cuidado acerca de lo que deber\u00eda ser adoptado y lo que se debe evitar. En esta toma de decisiones se tomar\u00edan con apramada los cursos de acci\u00f3n que nos alejan del sufrimiento y no nos acercan a \u00e9l.<\/p>\n<p>Por \u00faltimo las acciones de autocuidado son <strong>acciones kusala<\/strong> o h\u00e1biles. Acciones que nos llevan a la superaci\u00f3n del sufrimiento y el malestar, acciones que no est\u00e1n impregnadas por los tres venenos que\u00a0 hacen girar la rueda del sufrimiento mundano (la ignorancia, el odio o el deseo neur\u00f3tico). Por el contrario las acciones akusala, o las acciones torpes son aquellas que nos llevan al descuido o la negligencia.<\/p>\n<p><img loading=\"lazy\" decoding=\"async\" class=\"alignright size-full wp-image-282\" src=\"http:\/\/mindful-eating.es\/wp-content\/uploads\/2016\/09\/autocuidado-y-mindfulness.png\" alt=\"autocuidado-y-mindfulness\" width=\"1333\" height=\"999\" srcset=\"https:\/\/mindful-eating.es\/wp-content\/uploads\/2016\/09\/autocuidado-y-mindfulness.png 1333w, https:\/\/mindful-eating.es\/wp-content\/uploads\/2016\/09\/autocuidado-y-mindfulness-300x225.png 300w, https:\/\/mindful-eating.es\/wp-content\/uploads\/2016\/09\/autocuidado-y-mindfulness-768x576.png 768w, https:\/\/mindful-eating.es\/wp-content\/uploads\/2016\/09\/autocuidado-y-mindfulness-1024x767.png 1024w\" sizes=\"auto, (max-width: 1333px) 100vw, 1333px\" \/>La idea de introducir m\u00e1s actividades de autocuidado puede ser dif\u00edcil y muy costoso en nuestra vida cotidiana con un estilo de vida que est\u00e1 lleno de hacer y hacer cada vez m\u00e1s cosas.<\/p>\n<p>Desde mi punto de vista la aportaci\u00f3n que hace Orem es muy interesante porque al decir que el autocuidado no tiene que ver tanto con las actividades cotidianas sino con la integraci\u00f3n del autocuidado en las mismas nos puede dar una buena orientaci\u00f3n: no se trata tanto de HACER m\u00e1s, sino SER m\u00e1s en las acciones que realizamos.<\/p>\n<p>Si queremos por tanto beneficiarnos cada vez m\u00e1s del bienestar que tienen las acciones de autocuidado no tenemos que\u00a0 intentar hacer mas, sino realizar las actividades de otro modo en el que el SER est\u00e1 m\u00e1s presente. Esto en realidad significa honrar las cosas m\u00e1s peque\u00f1as que normalmente pasan desapercibidas. En definitiva se trata de aderezar nuestras acciones de una atenci\u00f3n consciente m\u00e1s apreciativa, y esto no tiene que ver con el tiempo que dedicamos a una acci\u00f3n, sino con el aprecio que realizamos al llevar a cabo la acci\u00f3n.<\/p>\n<p>Aqu\u00ed van algunas estrategias para incorporar el autocuidado a tu vida cotidiana.<\/p>\n<ul>\n<li><strong>Practica mindfulness.<\/strong> Es decir intenta estar presente y sin juicio con lo que est\u00e1 sucediendo en cada momento. Una estrategia puede ser realizar <a href=\"http:\/\/www.respiravida.net\/recursos\/meditaci%C3%B3n-corta-3-minutos-mindfulness-3mm-audio-gratis\" target=\"_blank\">3 minutos mindfulness<\/a> para conectar con lo que nos est\u00e1 pasando. O tal vez durante un momento de descanso podemos conectar con los colores, las formas, los olores que hay alrededor sin juicio, con curiosidad y amabilidad.<\/li>\n<\/ul>\n<ul>\n<li><strong>Cultiva la gratitud por las peque\u00f1as cosas<\/strong>. Puedes dar el <a href=\"http:\/\/www.respiravida.net\/recursos\/prepararte-para-comer-mindful-audio-gratis\" target=\"_blank\">primer bocado de tu comida con mindfulness<\/a>,\u00a0 siendo consciente de todas las personas, animales y elementos que han hecho posible que este alimento haya llegado a tu plato y vaya a formar parte de ti y mantener la vida. O simplemente se consciente de tus sentidos y aprecialos como si fueras por primera vez consciente de ellos.<\/li>\n<\/ul>\n<ul>\n<li><strong>Juega<\/strong>. El juego tiene que ver con la curiosidad, con lo inesperado y fomenta la creatividad, la curiosidad y la atenci\u00f3n consciente. Tal vez puedes jugar a cazar tus pensamientos y observar si son pensamientos con sesgo a la negatividad o cargados de voz cr\u00edtica. Si los encuentras sonr\u00edeles y recuerda que los \u00abpensamientos no son los hechos\u00bb siempre puedes practicar la <a href=\"http:\/\/mindful-eating.es\/?p=80\" target=\"_blank\">compasi\u00f3n<\/a> para contrarestar esa negatividad.<\/li>\n<\/ul>\n<ul>\n<li><strong>Perm\u00edtete estar en contacto con la naturaleza por unos instantes<\/strong>. Mirar el cielo y asombrarse con su magnitud e intensidad, escuchar el rumor de las hojas de un arbol mecidas por el viento, imaginando sus palabras. O tal vez observar como un ni\u00f1o juega, con curiosidad y alegr\u00eda compartida.<\/li>\n<\/ul>\n<ul>\n<li><strong>Conecta con tus amigos y seres queridos<\/strong>. Tal vez es dificil poder verlos a diario, pero tal vez puedes hacer una llamada r\u00e1pida a alguien que hace tiempo que no ves y saber qu\u00e9 es de su vida.<\/li>\n<\/ul>\n<ul>\n<li><strong>Mu\u00e9vete<\/strong>. Una de los requisitos de autocuidado que m\u00e1s se correlaciona con la salud mental positiva es el movimiento y la actividad f\u00edsica. Haz algo en lo que se involucre actividad y a la vez te guste.<\/li>\n<\/ul>\n<ul>\n<li><strong>Practica la meditaci\u00f3n<\/strong>. Por poco que sea, es mucho mejor que nada&#8230; 10 minutos al d\u00eda pueden ser una gran diferencia y puedes notar como poco a poco impregnan tu vida cotidiana de serenidad y pr\u00e1ctica.<\/li>\n<\/ul>\n<ul>\n<li><strong>Da las gracias<\/strong>. Dar las gracias es una buena forma de honrar las peque\u00f1as cosas de la vida, nos ayuda a pareciarlas y nos permite conectar con el momento presente.<\/li>\n<\/ul>\n<h5><em>Silamani Guirao<\/em><\/h5>\n<hr \/>\n<div class=\"page\" title=\"Page 5\">\n<div class=\"layoutArea\">\n<div class=\"column\">\n<ol>\n<li>\n<pre>Orem, D.E. (1993) Modelo de Orem. Conceptos de enfermeri\u0301a en la pra\u0301ctica. Barcelona: Masson Salvat Enfermeri\u0301a.<\/pre>\n<\/li>\n<li>\n<div class=\"layoutArea\">\n<div class=\"column\">\n<pre>Miguel-Ruiz, M.D. (2014). Valoracio\u0301n de la Salud Mental Positiva y de los Requisitos de Autocuidado, en pacientes hospitalizados diagnosticados de Esquizofrenia, segu\u0301n la Teori\u0301a de Enfermeri\u0301a de Dorothea Orem. (Tesis doctoral). Universidad de Barcelona.<\/pre>\n<\/div>\n<\/div>\n<\/li>\n<li>\n<div class=\"layoutArea\">\n<div class=\"column\">\n<pre>Albacar-Riobo\u0301o, N. (2014). Atencio\u0301 d\u2019infermeria a la cuidadora principal de persones amb esquizofrenia: Valoracio\u0301 dels requisits d\u2019autocura i de la salut mental positiva. (Tesis doctoral). Universitat Rovira i Virgili, Tarragona.<\/pre>\n<\/div>\n<\/div>\n<\/li>\n<li>\n<pre>Cavanagh, S. (1993) Modelo de Orem. Aplicacio\u0301n pra\u0301ctica. Barcelona: Masson Salvat Enfermeri\u0301a; 1993.<\/pre>\n<\/li>\n<li>\n<pre>Denyes MJ, Orem DE, SozWiss GB.(2001) Self-care: a foundational science. Nursing Science Quarterly, 14(1):48-54.<\/pre>\n<\/li>\n<li>\n<pre>Johnson JD.(2002) Relationship between resiliency, self-care agency and sel-care in the community-dwelling older adult. [Dissertation] Toledo: Medical College of Ohio.<\/pre>\n<\/li>\n<\/ol>\n<\/div>\n<\/div>\n<\/div>\n<h6><em>\u00a0<\/em><\/h6>\n<hr \/>\n<h3><em><span style=\"color: #993366;\">Dr. Silamani Guirao-Goris<\/span><\/em><\/h3>\n<p><em>Publicado 13 septiembre 2016<\/em><\/p>\n","protected":false},"excerpt":{"rendered":"<p>&nbsp; &nbsp; En los a\u00f1os 50, una enfermera, \u2014Dorotea Orem(1)\u2014, comenz\u00f3 hablar sobre la importancia del autocuidado para el mantenimiento de la vida humana. En estos a\u00f1os muchas enfermeras han investigado sobre el tema y uno de los aspectos m\u00e1s relevantes que han descubierto es la relaci\u00f3n existente entre la salud mental positiva y las [&hellip;]<\/p>\n","protected":false},"author":1,"featured_media":0,"parent":0,"menu_order":0,"comment_status":"closed","ping_status":"closed","template":"","meta":{"footnotes":""},"class_list":["post-279","page","type-page","status-publish","hentry"],"aioseo_notices":[],"_links":{"self":[{"href":"https:\/\/mindful-eating.es\/index.php?rest_route=\/wp\/v2\/pages\/279","targetHints":{"allow":["GET"]}}],"collection":[{"href":"https:\/\/mindful-eating.es\/index.php?rest_route=\/wp\/v2\/pages"}],"about":[{"href":"https:\/\/mindful-eating.es\/index.php?rest_route=\/wp\/v2\/types\/page"}],"author":[{"embeddable":true,"href":"https:\/\/mindful-eating.es\/index.php?rest_route=\/wp\/v2\/users\/1"}],"replies":[{"embeddable":true,"href":"https:\/\/mindful-eating.es\/index.php?rest_route=%2Fwp%2Fv2%2Fcomments&post=279"}],"version-history":[{"count":10,"href":"https:\/\/mindful-eating.es\/index.php?rest_route=\/wp\/v2\/pages\/279\/revisions"}],"predecessor-version":[{"id":556,"href":"https:\/\/mindful-eating.es\/index.php?rest_route=\/wp\/v2\/pages\/279\/revisions\/556"}],"wp:attachment":[{"href":"https:\/\/mindful-eating.es\/index.php?rest_route=%2Fwp%2Fv2%2Fmedia&parent=279"}],"curies":[{"name":"wp","href":"https:\/\/api.w.org\/{rel}","templated":true}]}}

<p><img loading="lazy" decoding="async" class="alignright size-full wp-image-280" src="http://mindful-eating.es/wp-content/uploads/2016/09/flores.jpg" alt="flores" width="4498" height="3234" srcset="https://mindful-eating.es/wp-content/uploads/2016/09/flores.jpg 4498w, https://mindful-eating.es/wp-content/uploads/2016/09/flores-300x216.jpg 300w, https://mindful-eating.es/wp-content/uploads/2016/09/flores-768x552.jpg 768w, https://mindful-eating.es/wp-content/uploads/2016/09/flores-1024x736.jpg 1024w" sizes="auto, (max-width: 4498px) 100vw, 4498px" /></p>
<p>&nbsp;</p>
<p>&nbsp;</p>
<p>En los años 50, una enfermera, —Dorotea Orem(1)—, comenzó hablar sobre la importancia del autocuidado para el mantenimiento de la vida humana.</p>
<p>En estos años muchas enfermeras han investigado sobre el tema y uno de los aspectos más relevantes que han descubierto es la relación existente entre la salud mental positiva y las acciones de autocuidado. En varias investigaciones se ha descubierto la relación directa bidireccional que tiene la salud mental positiva y el autocuidado, incluso si las acciones de autocuidado son de carácter físico(2,3).</p>
<p>Según Orem, el autocuidado es la práctica de actividades que los individuos inician y realizan para el mantenimiento de su propia vida, salud y bienestar. El autocuidado es una conducta humana, un comportamiento aprendido que tiene las características de acción intencionada, está intercalado en las actividades de la vida diaria y no es en sí una actividad de la vida diaria sino que su característica fundamental está basada en la intencionalidad. (4)</p>
<p>Según Orem, la estructura del proceso de autocuidado contiene tres secuencias (5,6): a) investigación, formulación y expresión de los requerimientos regulatorios de la persona, es decir, los requisitos de autocuidado; b) realización de juicios sobre el curso de acción que debe ser tomado para regular los requisitos de autocuidado y seguidamente tomar decisiones; y c) llevar a cabo las acciones de autocuidado para producir la regulación de los requisitos.</p>
<p>Si este proceso lo relacionamos con mindfulness y las enseñanzas budistas tradicionales la investigación sobre los requisitos de autocuidado tienen un componente importante de atención consciente (<strong>sati</strong>), sin sati no es posible darse cuenta de los requisitos de autocuidado y por tanto emprender cualquier tipo de acción.</p>
<p>La toma de decisiones sobre los cursos de acción que se tienen que tomar estarían relacionada con <strong>apramada</strong>. Apramada se define como tener mucho cuidado acerca de lo que debería ser adoptado y lo que se debe evitar. En esta toma de decisiones se tomarían con apramada los cursos de acción que nos alejan del sufrimiento y no nos acercan a él.</p>
<p>Por último las acciones de autocuidado son <strong>acciones kusala</strong> o hábiles. Acciones que nos llevan a la superación del sufrimiento y el malestar, acciones que no están impregnadas por los tres venenos que  hacen girar la rueda del sufrimiento mundano (la ignorancia, el odio o el deseo neurótico). Por el contrario las acciones akusala, o las acciones torpes son aquellas que nos llevan al descuido o la negligencia.</p>
<p><img loading="lazy" decoding="async" class="alignright size-full wp-image-282" src="http://mindful-eating.es/wp-content/uploads/2016/09/autocuidado-y-mindfulness.png" alt="autocuidado-y-mindfulness" width="1333" height="999" srcset="https://mindful-eating.es/wp-content/uploads/2016/09/autocuidado-y-mindfulness.png 1333w, https://mindful-eating.es/wp-content/uploads/2016/09/autocuidado-y-mindfulness-300x225.png 300w, https://mindful-eating.es/wp-content/uploads/2016/09/autocuidado-y-mindfulness-768x576.png 768w, https://mindful-eating.es/wp-content/uploads/2016/09/autocuidado-y-mindfulness-1024x767.png 1024w" sizes="auto, (max-width: 1333px) 100vw, 1333px" />La idea de introducir más actividades de autocuidado puede ser difícil y muy costoso en nuestra vida cotidiana con un estilo de vida que está lleno de hacer y hacer cada vez más cosas.</p>
<p>Desde mi punto de vista la aportación que hace Orem es muy interesante porque al decir que el autocuidado no tiene que ver tanto con las actividades cotidianas sino con la integración del autocuidado en las mismas nos puede dar una buena orientación: no se trata tanto de HACER más, sino SER más en las acciones que realizamos.</p>
<p>Si queremos por tanto beneficiarnos cada vez más del bienestar que tienen las acciones de autocuidado no tenemos que  intentar hacer mas, sino realizar las actividades de otro modo en el que el SER está más presente. Esto en realidad significa honrar las cosas más pequeñas que normalmente pasan desapercibidas. En definitiva se trata de aderezar nuestras acciones de una atención consciente más apreciativa, y esto no tiene que ver con el tiempo que dedicamos a una acción, sino con el aprecio que realizamos al llevar a cabo la acción.</p>
<p>Aquí van algunas estrategias para incorporar el autocuidado a tu vida cotidiana.</p>
<ul>
<li><strong>Practica mindfulness.</strong> Es decir intenta estar presente y sin juicio con lo que está sucediendo en cada momento. Una estrategia puede ser realizar <a href="http://www.respiravida.net/recursos/meditaci%C3%B3n-corta-3-minutos-mindfulness-3mm-audio-gratis" target="_blank">3 minutos mindfulness</a> para conectar con lo que nos está pasando. O tal vez durante un momento de descanso podemos conectar con los colores, las formas, los olores que hay alrededor sin juicio, con curiosidad y amabilidad.</li>
</ul>
<ul>
<li><strong>Cultiva la gratitud por las pequeñas cosas</strong>. Puedes dar el <a href="http://www.respiravida.net/recursos/prepararte-para-comer-mindful-audio-gratis" target="_blank">primer bocado de tu comida con mindfulness</a>,  siendo consciente de todas las personas, animales y elementos que han hecho posible que este alimento haya llegado a tu plato y vaya a formar parte de ti y mantener la vida. O simplemente se consciente de tus sentidos y aprecialos como si fueras por primera vez consciente de ellos.</li>
</ul>
<ul>
<li><strong>Juega</strong>. El juego tiene que ver con la curiosidad, con lo inesperado y fomenta la creatividad, la curiosidad y la atención consciente. Tal vez puedes jugar a cazar tus pensamientos y observar si son pensamientos con sesgo a la negatividad o cargados de voz crítica. Si los encuentras sonríeles y recuerda que los «pensamientos no son los hechos» siempre puedes practicar la <a href="http://mindful-eating.es/?p=80" target="_blank">compasión</a> para contrarestar esa negatividad.</li>
</ul>
<ul>
<li><strong>Permítete estar en contacto con la naturaleza por unos instantes</strong>. Mirar el cielo y asombrarse con su magnitud e intensidad, escuchar el rumor de las hojas de un arbol mecidas por el viento, imaginando sus palabras. O tal vez observar como un niño juega, con curiosidad y alegría compartida.</li>
</ul>
<ul>
<li><strong>Conecta con tus amigos y seres queridos</strong>. Tal vez es dificil poder verlos a diario, pero tal vez puedes hacer una llamada rápida a alguien que hace tiempo que no ves y saber qué es de su vida.</li>
</ul>
<ul>
<li><strong>Muévete</strong>. Una de los requisitos de autocuidado que más se correlaciona con la salud mental positiva es el movimiento y la actividad física. Haz algo en lo que se involucre actividad y a la vez te guste.</li>
</ul>
<ul>
<li><strong>Practica la meditación</strong>. Por poco que sea, es mucho mejor que nada&#8230; 10 minutos al día pueden ser una gran diferencia y puedes notar como poco a poco impregnan tu vida cotidiana de serenidad y práctica.</li>
</ul>
<ul>
<li><strong>Da las gracias</strong>. Dar las gracias es una buena forma de honrar las pequeñas cosas de la vida, nos ayuda a pareciarlas y nos permite conectar con el momento presente.</li>
</ul>
<h5><em>Silamani Guirao</em></h5>
<hr />
<div class="page" title="Page 5">
<div class="layoutArea">
<div class="column">
<ol>
<li>
<pre>Orem, D.E. (1993) Modelo de Orem. Conceptos de enfermería en la práctica. Barcelona: Masson Salvat Enfermería.</pre>
</li>
<li>
<div class="layoutArea">
<div class="column">
<pre>Miguel-Ruiz, M.D. (2014). Valoración de la Salud Mental Positiva y de los Requisitos de Autocuidado, en pacientes hospitalizados diagnosticados de Esquizofrenia, según la Teoría de Enfermería de Dorothea Orem. (Tesis doctoral). Universidad de Barcelona.</pre>
</div>
</div>
</li>
<li>
<div class="layoutArea">
<div class="column">
<pre>Albacar-Riobóo, N. (2014). Atenció d’infermeria a la cuidadora principal de persones amb esquizofrenia: Valoració dels requisits d’autocura i de la salut mental positiva. (Tesis doctoral). Universitat Rovira i Virgili, Tarragona.</pre>
</div>
</div>
</li>
<li>
<pre>Cavanagh, S. (1993) Modelo de Orem. Aplicación práctica. Barcelona: Masson Salvat Enfermería; 1993.</pre>
</li>
<li>
<pre>Denyes MJ, Orem DE, SozWiss GB.(2001) Self-care: a foundational science. Nursing Science Quarterly, 14(1):48-54.</pre>
</li>
<li>
<pre>Johnson JD.(2002) Relationship between resiliency, self-care agency and sel-care in the community-dwelling older adult. [Dissertation] Toledo: Medical College of Ohio.</pre>
</li>
</ol>
</div>
</div>
</div>
<h6><em> </em></h6>
<hr />
<h3><em><span style="color: #993366;">Dr. Silamani Guirao-Goris</span></em></h3>
<p><em>Publicado 13 septiembre 2016</em></p>

<p>&nbsp; &nbsp; En los años 50, una enfermera, —Dorotea Orem(1)—, comenzó hablar sobre la importancia del autocuidado para el mantenimiento de la vida humana. En estos años muchas enfermeras han investigado sobre el tema y uno de los aspectos más relevantes que han descubierto es la relación existente entre la salud mental positiva y las [&hellip;]</p>
