{"id":185,"date":"2016-06-06T07:03:38","date_gmt":"2016-06-06T05:03:38","guid":{"rendered":"http:\/\/mindful-eating.es\/?page_id=185"},"modified":"2022-11-11T11:13:11","modified_gmt":"2022-11-11T09:13:11","slug":"silamani-guirao-goris","status":"publish","type":"page","link":"https:\/\/mindful-eating.es\/?page_id=185","title":{"rendered":"Silamani Guirao Goris"},"content":{"rendered":"<div id=\"attachment_931\" style=\"width: 271px\" class=\"wp-caption alignright\"><img loading=\"lazy\" decoding=\"async\" aria-describedby=\"caption-attachment-931\" class=\"wp-image-931\" src=\"http:\/\/mindful-eating.es\/wp-content\/uploads\/2019\/11\/SM-AR-1024x890.jpg\" alt=\"\" width=\"261\" height=\"227\" srcset=\"https:\/\/mindful-eating.es\/wp-content\/uploads\/2019\/11\/SM-AR-1024x890.jpg 1024w, https:\/\/mindful-eating.es\/wp-content\/uploads\/2019\/11\/SM-AR-300x261.jpg 300w, https:\/\/mindful-eating.es\/wp-content\/uploads\/2019\/11\/SM-AR-768x667.jpg 768w\" sizes=\"auto, (max-width: 261px) 100vw, 261px\" \/><p id=\"caption-attachment-931\" class=\"wp-caption-text\">2019<\/p><\/div>\n<p>Silamani Guirao Goris,\u00a0 es S\u012blama\u1e47i Guirao Goris \u2014formalmente Josep Adolf Guirao Goris\u2014 es Senior Trainer de RespiraVida Breathworks de mindfulness y compasi\u00f3n.<\/p>\n<p><strong>Creditos profesionales<\/strong><\/p>\n<ul>\n<li>Doctor por la Universidad de Alicante y graduado en Enfermer\u00eda por la Universidad de Valencia.<\/li>\n<li>Diploma de Nutrici\u00f3n en Salud P\u00fablica.<\/li>\n<li>Profesor de Mindfulness y Compasi\u00f3n de los <a href=\"http:\/\/www.respiravida.net\/cursos-actividades\/programa-MpS-MBPM\" target=\"_blank\" rel=\"noopener noreferrer\">programas MBPM para la Salud<\/a> y <a href=\"http:\/\/www.respiravida.net\/cursos-actividades\/programa-de-reduccion-de-estres-y-otros-estados-mentales-negativos-mindfulness\" target=\"_blank\" rel=\"noopener noreferrer\">Mindfulness para el estr\u00e9s -MBPM<\/a>\u00bb de RespiraVida BreathWorks.<\/li>\n<li>Formador de formadores de Mindfulness (Senior Trainer) de RespiraVida BreathWorks.<\/li>\n<li><a href=\"https:\/\/centerformsc.org\/user-profile\/silamanigori\/\">Trained Teacher en el Programa Mindful Self-Compassion (Progama MSC)<\/a><\/li>\n<li><a href=\"https:\/\/cih.ucsd.edu\/mbpti\/certified-me-cl-teachers\">Certified Teacher (Profesor Certificado) en el programa Mindful Eating-Concious Living\u00ae<\/a> con Jan Chozen Bays, MD y Char Wilkins, MSW siendo acreditado por el University of California San Diego Center for Mindfulness.<\/li>\n<li>Ha sido profesor de Universidad de Valencia en la Escuela de Enfermer\u00eda La Fe (2006 a 2016) donde adem\u00e1s desempe\u00f1\u00f3 el puesto de Coordinador del T\u00edtulo de Grado en Enfermer\u00eda, profesor de Salud P\u00fablica y de Metodolog\u00eda de Investigaci\u00f3n. Si deseas m\u00e1s informaci\u00f3n sobre su curriculum como profesional de la salud, visita este <a href=\"https:\/\/www.uv.es\/joguigo\/castellano\/Inicio.html\" target=\"_blank\" rel=\"noopener noreferrer\">enlace<\/a>.<\/li>\n<li>En la actualidad es Director de Formaci\u00f3n y Evaluaci\u00f3n de Competencias de <a href=\"http:\/\/www.respiravida.net\" target=\"_blank\" rel=\"noopener noreferrer\">RespiraVida BreathWorks.<\/a><\/li>\n<\/ul>\n<div id=\"attachment_186\" style=\"width: 181px\" class=\"wp-caption alignright\"><img loading=\"lazy\" decoding=\"async\" aria-describedby=\"caption-attachment-186\" class=\"wp-image-186\" src=\"http:\/\/mindful-eating.es\/wp-content\/uploads\/2016\/06\/silamani-683x1024.jpg\" alt=\"\" width=\"171\" height=\"257\" srcset=\"https:\/\/mindful-eating.es\/wp-content\/uploads\/2016\/06\/silamani-683x1024.jpg 683w, https:\/\/mindful-eating.es\/wp-content\/uploads\/2016\/06\/silamani-200x300.jpg 200w, https:\/\/mindful-eating.es\/wp-content\/uploads\/2016\/06\/silamani-768x1152.jpg 768w, https:\/\/mindful-eating.es\/wp-content\/uploads\/2016\/06\/silamani.jpg 1859w\" sizes=\"auto, (max-width: 171px) 100vw, 171px\" \/><p id=\"caption-attachment-186\" class=\"wp-caption-text\">2014 &#8211; Recien ordenado como Dharmachari<\/p><\/div>\n<p>El 28 de marzo de 2014, tras adoptar el camino del budismo en 2008, fue ordenado dentro de la Orden Budista Triratna y recibi\u00f3 el nombre budista en pali S\u012blama\u0146i\u00a0 que significa \u00ab\u00e9l que es una joya de la \u00e9tica\u00bb. Siendo coherente con la visi\u00f3n integral que tiene de los seres humanos, decidi\u00f3 usar el nombre de S\u012blama\u0146i en todas las facetas de su vida, aunque legalmente sigue manteniendo su anterior nombre.<\/p>\n<p>&nbsp;<\/p>\n<p>Hasta 2019 ha participado en m\u00e1s de cuarenta retiros de Mindfulness, meditaci\u00f3n y\/o budismo. Ha impartido el curso \u00ab<a href=\"http:\/\/www.respiravida.net\/cursos-actividades\/programa-vivir-bien-con-la-atencion-plena-mindfulness\" target=\"_blank\" rel=\"noopener noreferrer\">Mindfulness y Compasi\u00f3n para la salud MBPM<\/a>\u00bb as\u00ed como el programa de <a href=\"http:\/\/www.respiravida.net\/cursos-actividades\/programa-de-reduccion-de-estres-y-otros-estados-mentales-negativos-mindfulness\" target=\"_blank\" rel=\"noopener noreferrer\">\u00abMindfulness para el estr\u00e9s -MBPM<\/a>\u00bb en el <a href=\"http:\/\/budismo-valencia.com\">Centro Budista Triratna de Valencia<\/a>. Es miembro de <a href=\"http:\/\/www.thecenterformindfuleating.org\/\" target=\"_blank\" rel=\"noopener noreferrer\">\u00abThe Center for Mindful Eating\u00bb<\/a>.<\/p>\n<p>Silamani se adhiere a las <a href=\"http:\/\/mindful-eating.es\/?page_id=292\">Normas de la Buena Pr\u00e1ctica para Instructores de Mindful Eating<\/a>, basados en los \u201cPosition statements for Mindful Eating Teachers and Mindful Eating Trainings\u201d de The Center for Mindful Eating y las \u201c<a href=\"http:\/\/mindfulnessteachersuk.org.uk\/pdf\/GPG4-TrainersfinalOct2013.pdf\" target=\"_blank\" rel=\"noopener noreferrer\">Good Practice Guidelines of Mindfulness Based Interventions<\/a>\u201d de la UK Network for Mindfulness-Based Teachers. En 2020, con su experiencia acumulada en Mindfulness y compasi\u00f3n, puso en marcha el programa de <a title=\"El programa Kindful &amp; Mindful Eating\" href=\"http:\/\/mindful-eating.es\/?page_id=1135\" target=\"_blank\" rel=\"noopener\"><strong>Kindful &amp; MindfulEating \u00b7\u00b7\u00b7 Alimentaci\u00f3n Bondadosa Consciente (KME)<\/strong><\/a><\/p>\n<p>Silamani forma parte del equipo de gesti\u00f3n del Centro Budista de Valencia, donde imparte clases de budismo y meditaci\u00f3n. Es co-fundador de la editorial <a href=\"http:\/\/editorialdharmamegha.org\">Dharmamegha.<\/a><\/p>\n<p>En la actualidad compagina su labor como profesor de mindfulness y compasi\u00f3n en RespiraVida BreathWorks con ser director del <a href=\"http:\/\/budismo-valencia.com\">Centro Budista de Valencia<\/a>.<\/p>\n<p><img loading=\"lazy\" decoding=\"async\" class=\"wp-image-187 size-full\" src=\"http:\/\/mindful-eating.es\/wp-content\/uploads\/2016\/06\/IMG_6633-e1465189335933.jpg\" alt=\"De derecha a izquierda Jan Chozen Bays y Dharmachari S\u012blama\u1e47i\" width=\"2847\" height=\"1778\" srcset=\"https:\/\/mindful-eating.es\/wp-content\/uploads\/2016\/06\/IMG_6633-e1465189335933.jpg 2847w, https:\/\/mindful-eating.es\/wp-content\/uploads\/2016\/06\/IMG_6633-e1465189335933-300x187.jpg 300w, https:\/\/mindful-eating.es\/wp-content\/uploads\/2016\/06\/IMG_6633-e1465189335933-768x480.jpg 768w, https:\/\/mindful-eating.es\/wp-content\/uploads\/2016\/06\/IMG_6633-e1465189335933-1024x640.jpg 1024w\" sizes=\"auto, (max-width: 2847px) 100vw, 2847px\" \/><\/p>\n<ul id=\"attachment_187\" class=\"wp-caption alignright\" style=\"width: 2847px;\">De derecha a izquierda Jan Chozen Bays y Dharmachari S\u012blama\u1e47i<\/ul>\n<p>&nbsp;<\/p>\n<p>&nbsp;<\/p>\n","protected":false},"excerpt":{"rendered":"<p>Silamani Guirao Goris,\u00a0 es S\u012blama\u1e47i Guirao Goris \u2014formalmente Josep Adolf Guirao Goris\u2014 es Senior Trainer de RespiraVida Breathworks de mindfulness y compasi\u00f3n. Creditos profesionales Doctor por la Universidad de Alicante y graduado en Enfermer\u00eda por la Universidad de Valencia. Diploma de Nutrici\u00f3n en Salud P\u00fablica. Profesor de Mindfulness y Compasi\u00f3n de los programas MBPM para [&hellip;]<\/p>\n","protected":false},"author":1,"featured_media":0,"parent":0,"menu_order":0,"comment_status":"closed","ping_status":"closed","template":"","meta":{"footnotes":""},"class_list":["post-185","page","type-page","status-publish","hentry"],"aioseo_notices":[],"_links":{"self":[{"href":"https:\/\/mindful-eating.es\/index.php?rest_route=\/wp\/v2\/pages\/185","targetHints":{"allow":["GET"]}}],"collection":[{"href":"https:\/\/mindful-eating.es\/index.php?rest_route=\/wp\/v2\/pages"}],"about":[{"href":"https:\/\/mindful-eating.es\/index.php?rest_route=\/wp\/v2\/types\/page"}],"author":[{"embeddable":true,"href":"https:\/\/mindful-eating.es\/index.php?rest_route=\/wp\/v2\/users\/1"}],"replies":[{"embeddable":true,"href":"https:\/\/mindful-eating.es\/index.php?rest_route=%2Fwp%2Fv2%2Fcomments&post=185"}],"version-history":[{"count":22,"href":"https:\/\/mindful-eating.es\/index.php?rest_route=\/wp\/v2\/pages\/185\/revisions"}],"predecessor-version":[{"id":239,"href":"https:\/\/mindful-eating.es\/index.php?rest_route=\/wp\/v2\/pages\/185\/revisions\/239"}],"wp:attachment":[{"href":"https:\/\/mindful-eating.es\/index.php?rest_route=%2Fwp%2Fv2%2Fmedia&parent=185"}],"curies":[{"name":"wp","href":"https:\/\/api.w.org\/{rel}","templated":true}]}}

<div id="attachment_931" style="width: 271px" class="wp-caption alignright"><img loading="lazy" decoding="async" aria-describedby="caption-attachment-931" class="wp-image-931" src="http://mindful-eating.es/wp-content/uploads/2019/11/SM-AR-1024x890.jpg" alt="" width="261" height="227" srcset="https://mindful-eating.es/wp-content/uploads/2019/11/SM-AR-1024x890.jpg 1024w, https://mindful-eating.es/wp-content/uploads/2019/11/SM-AR-300x261.jpg 300w, https://mindful-eating.es/wp-content/uploads/2019/11/SM-AR-768x667.jpg 768w" sizes="auto, (max-width: 261px) 100vw, 261px" /><p id="caption-attachment-931" class="wp-caption-text">2019</p></div>
<p>Silamani Guirao Goris,  es Sīlamaṇi Guirao Goris —formalmente Josep Adolf Guirao Goris— es Senior Trainer de RespiraVida Breathworks de mindfulness y compasión.</p>
<p><strong>Creditos profesionales</strong></p>
<ul>
<li>Doctor por la Universidad de Alicante y graduado en Enfermería por la Universidad de Valencia.</li>
<li>Diploma de Nutrición en Salud Pública.</li>
<li>Profesor de Mindfulness y Compasión de los <a href="http://www.respiravida.net/cursos-actividades/programa-MpS-MBPM" target="_blank" rel="noopener noreferrer">programas MBPM para la Salud</a> y <a href="http://www.respiravida.net/cursos-actividades/programa-de-reduccion-de-estres-y-otros-estados-mentales-negativos-mindfulness" target="_blank" rel="noopener noreferrer">Mindfulness para el estrés -MBPM</a>» de RespiraVida BreathWorks.</li>
<li>Formador de formadores de Mindfulness (Senior Trainer) de RespiraVida BreathWorks.</li>
<li><a href="https://centerformsc.org/user-profile/silamanigori/">Trained Teacher en el Programa Mindful Self-Compassion (Progama MSC)</a></li>
<li><a href="https://cih.ucsd.edu/mbpti/certified-me-cl-teachers">Certified Teacher (Profesor Certificado) en el programa Mindful Eating-Concious Living®</a> con Jan Chozen Bays, MD y Char Wilkins, MSW siendo acreditado por el University of California San Diego Center for Mindfulness.</li>
<li>Ha sido profesor de Universidad de Valencia en la Escuela de Enfermería La Fe (2006 a 2016) donde además desempeñó el puesto de Coordinador del Título de Grado en Enfermería, profesor de Salud Pública y de Metodología de Investigación. Si deseas más información sobre su curriculum como profesional de la salud, visita este <a href="https://www.uv.es/joguigo/castellano/Inicio.html" target="_blank" rel="noopener noreferrer">enlace</a>.</li>
<li>En la actualidad es Director de Formación y Evaluación de Competencias de <a href="http://www.respiravida.net" target="_blank" rel="noopener noreferrer">RespiraVida BreathWorks.</a></li>
</ul>
<div id="attachment_186" style="width: 181px" class="wp-caption alignright"><img loading="lazy" decoding="async" aria-describedby="caption-attachment-186" class="wp-image-186" src="http://mindful-eating.es/wp-content/uploads/2016/06/silamani-683x1024.jpg" alt="" width="171" height="257" srcset="https://mindful-eating.es/wp-content/uploads/2016/06/silamani-683x1024.jpg 683w, https://mindful-eating.es/wp-content/uploads/2016/06/silamani-200x300.jpg 200w, https://mindful-eating.es/wp-content/uploads/2016/06/silamani-768x1152.jpg 768w, https://mindful-eating.es/wp-content/uploads/2016/06/silamani.jpg 1859w" sizes="auto, (max-width: 171px) 100vw, 171px" /><p id="caption-attachment-186" class="wp-caption-text">2014 &#8211; Recien ordenado como Dharmachari</p></div>
<p>El 28 de marzo de 2014, tras adoptar el camino del budismo en 2008, fue ordenado dentro de la Orden Budista Triratna y recibió el nombre budista en pali Sīlamaņi  que significa «él que es una joya de la ética». Siendo coherente con la visión integral que tiene de los seres humanos, decidió usar el nombre de Sīlamaņi en todas las facetas de su vida, aunque legalmente sigue manteniendo su anterior nombre.</p>
<p>&nbsp;</p>
<p>Hasta 2019 ha participado en más de cuarenta retiros de Mindfulness, meditación y/o budismo. Ha impartido el curso «<a href="http://www.respiravida.net/cursos-actividades/programa-vivir-bien-con-la-atencion-plena-mindfulness" target="_blank" rel="noopener noreferrer">Mindfulness y Compasión para la salud MBPM</a>» así como el programa de <a href="http://www.respiravida.net/cursos-actividades/programa-de-reduccion-de-estres-y-otros-estados-mentales-negativos-mindfulness" target="_blank" rel="noopener noreferrer">«Mindfulness para el estrés -MBPM</a>» en el <a href="http://budismo-valencia.com">Centro Budista Triratna de Valencia</a>. Es miembro de <a href="http://www.thecenterformindfuleating.org/" target="_blank" rel="noopener noreferrer">«The Center for Mindful Eating»</a>.</p>
<p>Silamani se adhiere a las <a href="http://mindful-eating.es/?page_id=292">Normas de la Buena Práctica para Instructores de Mindful Eating</a>, basados en los “Position statements for Mindful Eating Teachers and Mindful Eating Trainings” de The Center for Mindful Eating y las “<a href="http://mindfulnessteachersuk.org.uk/pdf/GPG4-TrainersfinalOct2013.pdf" target="_blank" rel="noopener noreferrer">Good Practice Guidelines of Mindfulness Based Interventions</a>” de la UK Network for Mindfulness-Based Teachers. En 2020, con su experiencia acumulada en Mindfulness y compasión, puso en marcha el programa de <a title="El programa Kindful &amp; Mindful Eating" href="http://mindful-eating.es/?page_id=1135" target="_blank" rel="noopener"><strong>Kindful &amp; MindfulEating ··· Alimentación Bondadosa Consciente (KME)</strong></a></p>
<p>Silamani forma parte del equipo de gestión del Centro Budista de Valencia, donde imparte clases de budismo y meditación. Es co-fundador de la editorial <a href="http://editorialdharmamegha.org">Dharmamegha.</a></p>
<p>En la actualidad compagina su labor como profesor de mindfulness y compasión en RespiraVida BreathWorks con ser director del <a href="http://budismo-valencia.com">Centro Budista de Valencia</a>.</p>
<p><img loading="lazy" decoding="async" class="wp-image-187 size-full" src="http://mindful-eating.es/wp-content/uploads/2016/06/IMG_6633-e1465189335933.jpg" alt="De derecha a izquierda Jan Chozen Bays y Dharmachari Sīlamaṇi" width="2847" height="1778" srcset="https://mindful-eating.es/wp-content/uploads/2016/06/IMG_6633-e1465189335933.jpg 2847w, https://mindful-eating.es/wp-content/uploads/2016/06/IMG_6633-e1465189335933-300x187.jpg 300w, https://mindful-eating.es/wp-content/uploads/2016/06/IMG_6633-e1465189335933-768x480.jpg 768w, https://mindful-eating.es/wp-content/uploads/2016/06/IMG_6633-e1465189335933-1024x640.jpg 1024w" sizes="auto, (max-width: 2847px) 100vw, 2847px" /></p>
<ul id="attachment_187" class="wp-caption alignright" style="width: 2847px;">De derecha a izquierda Jan Chozen Bays y Dharmachari Sīlamaṇi</ul>
<p>&nbsp;</p>
<p>&nbsp;</p>

<p>Silamani Guirao Goris,  es Sīlamaṇi Guirao Goris —formalmente Josep Adolf Guirao Goris— es Senior Trainer de RespiraVida Breathworks de mindfulness y compasión. Creditos profesionales Doctor por la Universidad de Alicante y graduado en Enfermería por la Universidad de Valencia. Diploma de Nutrición en Salud Pública. Profesor de Mindfulness y Compasión de los programas MBPM para [&hellip;]</p>
