{"id":175,"date":"2016-06-05T14:45:15","date_gmt":"2016-06-05T12:45:15","guid":{"rendered":"http:\/\/mindful-eating.es\/?page_id=175"},"modified":"2020-04-01T08:53:19","modified_gmt":"2020-04-01T06:53:19","slug":"meditaciones-guiadas","status":"publish","type":"page","link":"https:\/\/mindful-eating.es\/?page_id=175","title":{"rendered":"Meditaciones guiadas"},"content":{"rendered":"<p><strong><img loading=\"lazy\" decoding=\"async\" class=\"alignright size-full wp-image-176\" src=\"http:\/\/mindful-eating.es\/wp-content\/uploads\/2016\/06\/comida2-e1465130692356.jpg\" alt=\"comida2\" width=\"4643\" height=\"1984\" srcset=\"https:\/\/mindful-eating.es\/wp-content\/uploads\/2016\/06\/comida2-e1465130692356.jpg 4643w, https:\/\/mindful-eating.es\/wp-content\/uploads\/2016\/06\/comida2-e1465130692356-300x128.jpg 300w, https:\/\/mindful-eating.es\/wp-content\/uploads\/2016\/06\/comida2-e1465130692356-768x328.jpg 768w, https:\/\/mindful-eating.es\/wp-content\/uploads\/2016\/06\/comida2-e1465130692356-1024x438.jpg 1024w\" sizes=\"auto, (max-width: 4643px) 100vw, 4643px\" \/>Meditaciones guiadas de difusi\u00f3n gratuita<\/strong><\/p>\n<ul>\n<li><a href=\"http:\/\/www.respiravida.net\/recursos\/prepararte-para-comer-mindful-audio-gratis\">Meditaci\u00f3n para prepararte para comer<\/a><\/li>\n<li><a href=\"http:\/\/www.respiravida.net\/recursos\/comer-mindful-los-primeros-dos-bocados-audio-gratis\">Meditaci\u00f3n de los dos bocados<\/a><\/li>\n<\/ul>\n","protected":false},"excerpt":{"rendered":"<p>Meditaciones guiadas de difusi\u00f3n gratuita Meditaci\u00f3n para prepararte para comer Meditaci\u00f3n de los dos bocados<\/p>\n","protected":false},"author":1,"featured_media":0,"parent":0,"menu_order":0,"comment_status":"closed","ping_status":"closed","template":"","meta":{"footnotes":""},"class_list":["post-175","page","type-page","status-publish","hentry"],"aioseo_notices":[],"_links":{"self":[{"href":"https:\/\/mindful-eating.es\/index.php?rest_route=\/wp\/v2\/pages\/175","targetHints":{"allow":["GET"]}}],"collection":[{"href":"https:\/\/mindful-eating.es\/index.php?rest_route=\/wp\/v2\/pages"}],"about":[{"href":"https:\/\/mindful-eating.es\/index.php?rest_route=\/wp\/v2\/types\/page"}],"author":[{"embeddable":true,"href":"https:\/\/mindful-eating.es\/index.php?rest_route=\/wp\/v2\/users\/1"}],"replies":[{"embeddable":true,"href":"https:\/\/mindful-eating.es\/index.php?rest_route=%2Fwp%2Fv2%2Fcomments&post=175"}],"version-history":[{"count":1,"href":"https:\/\/mindful-eating.es\/index.php?rest_route=\/wp\/v2\/pages\/175\/revisions"}],"predecessor-version":[{"id":177,"href":"https:\/\/mindful-eating.es\/index.php?rest_route=\/wp\/v2\/pages\/175\/revisions\/177"}],"wp:attachment":[{"href":"https:\/\/mindful-eating.es\/index.php?rest_route=%2Fwp%2Fv2%2Fmedia&parent=175"}],"curies":[{"name":"wp","href":"https:\/\/api.w.org\/{rel}","templated":true}]}}